{"id":9553,"date":"2024-05-27T17:29:04","date_gmt":"2024-05-27T15:29:04","guid":{"rendered":"https:\/\/circularsecondhand.org\/polo-amarillo-palido-lacoste\/"},"modified":"2025-07-30T19:16:13","modified_gmt":"2025-07-30T17:16:13","slug":"polo-amarillo-palido-lacoste","status":"publish","type":"product","link":"https:\/\/www.circularsecondhand.org\/es\/polo-amarillo-palido-lacoste\/","title":{"rendered":"Polo amarillo p\u00e1lido Lacoste"},"content":{"rendered":"","protected":false},"excerpt":{"rendered":"<p>Descubre la elegancia y el estilo del polo amarillo p\u00e1lido Lacoste. Este polo de alta calidad est\u00e1 confeccionado con los mejores materiales para brindarle comodidad y durabilidad. Su dise\u00f1o cl\u00e1sico y atemporal le convierte en una pieza vers\u00e1til que puedes lucir en cualquier ocasi\u00f3n. Sea para un look casual o m\u00e1s formal, ese polo amarillo p\u00e1lido Lacoste te har\u00e1 lucir impecable. \u00a1Atr\u00e9vete a destacar con este polo de moda!<\/p>\n","protected":false},"featured_media":9488,"comment_status":"closed","ping_status":"open","template":"","meta":{"_kad_blocks_custom_css":"","_kad_blocks_head_custom_js":"","_kad_blocks_body_custom_js":"","_kad_blocks_footer_custom_js":"","_kad_post_transparent":"","_kad_post_title":"","_kad_post_layout":"","_kad_post_sidebar_id":"","_kad_post_content_style":"","_kad_post_vertical_padding":"","_kad_post_feature":"","_kad_post_feature_position":"","_kad_post_header":false,"_kad_post_footer":false,"_kad_post_classname":""},"product_brand":[],"product_cat":[361],"product_tag":[129,582],"product_brands":[489],"class_list":{"0":"post-9553","1":"product","2":"type-product","3":"status-publish","4":"has-post-thumbnail","6":"product_cat-camisetas-tallaje-masculino","7":"product_tag-basicos","8":"product_tag-primavera-verano","9":"product_brands-lacoste-es","11":"first","12":"outofstock","13":"sold-individually","14":"taxable","15":"shipping-taxable","16":"purchasable","17":"product-type-simple","18":"entry","19":"content-bg","20":"loop-entry"},"taxonomy_info":{"product_cat":[{"value":361,"label":"Camisetas"}],"product_tag":[{"value":129,"label":"B\u00e1sicos"},{"value":582,"label":"Primavera\/Verano"}],"product_brands":[{"value":489,"label":"Lacoste"}]},"featured_image_src_large":["https:\/\/www.circularsecondhand.org\/wp-content\/uploads\/2024\/05\/548-768x1024.jpg",768,1024,true],"author_info":[],"comment_info":0,"_links":{"self":[{"href":"https:\/\/www.circularsecondhand.org\/es\/wp-json\/wp\/v2\/product\/9553","targetHints":{"allow":["GET"]}}],"collection":[{"href":"https:\/\/www.circularsecondhand.org\/es\/wp-json\/wp\/v2\/product"}],"about":[{"href":"https:\/\/www.circularsecondhand.org\/es\/wp-json\/wp\/v2\/types\/product"}],"replies":[{"embeddable":true,"href":"https:\/\/www.circularsecondhand.org\/es\/wp-json\/wp\/v2\/comments?post=9553"}],"wp:featuredmedia":[{"embeddable":true,"href":"https:\/\/www.circularsecondhand.org\/es\/wp-json\/wp\/v2\/media\/9488"}],"wp:attachment":[{"href":"https:\/\/www.circularsecondhand.org\/es\/wp-json\/wp\/v2\/media?parent=9553"}],"wp:term":[{"taxonomy":"product_brand","embeddable":true,"href":"https:\/\/www.circularsecondhand.org\/es\/wp-json\/wp\/v2\/product_brand?post=9553"},{"taxonomy":"product_cat","embeddable":true,"href":"https:\/\/www.circularsecondhand.org\/es\/wp-json\/wp\/v2\/product_cat?post=9553"},{"taxonomy":"product_tag","embeddable":true,"href":"https:\/\/www.circularsecondhand.org\/es\/wp-json\/wp\/v2\/product_tag?post=9553"},{"taxonomy":"product_brands","embeddable":true,"href":"https:\/\/www.circularsecondhand.org\/es\/wp-json\/wp\/v2\/product_brands?post=9553"}],"curies":[{"name":"wp","href":"https:\/\/api.w.org\/{rel}","templated":true}]}}

Polo amarillo pálido Lacoste

<p>Descubre la elegancia y el estilo del polo amarillo pálido Lacoste. Este polo de alta calidad está confeccionado con los mejores materiales para brindarle comodidad y durabilidad. Su diseño clásico y atemporal le convierte en una pieza versátil que puedes lucir en cualquier ocasión. Sea para un look casual o más formal, ese polo amarillo pálido Lacoste te hará lucir impecable. ¡Atrévete a destacar con este polo de moda!</p>

Básicos
