{"id":8146,"date":"2024-04-24T12:22:58","date_gmt":"2024-04-24T10:22:58","guid":{"rendered":"https:\/\/circularsecondhand.org\/jersey-granate-lacoste\/"},"modified":"2025-12-22T09:58:32","modified_gmt":"2025-12-22T08:58:32","slug":"jersey-granate-lacoste","status":"publish","type":"product","link":"https:\/\/www.circularsecondhand.org\/es\/jersey-granate-lacoste\/","title":{"rendered":"Jersey granate Lacoste"},"content":{"rendered":"","protected":false},"excerpt":{"rendered":"<p>Este jersey granate de Lacoste es la prenda perfecta para a\u00f1adir un toque de color a tu armario. Confeccionado con materiales de alta calidad, este su\u00e9ter rojo es ideal para mantenerte abrigado y estilo durante los meses m\u00e1s fr\u00edos. Sea para una ocasi\u00f3n casual o m\u00e1s formal, este jersey es vers\u00e1til y f\u00e1cil de combinar con cualquier outfit. Atr\u00e9vete a lucir elegante y moderno con este jersey Lacoste.<\/p>\n","protected":false},"featured_media":8078,"comment_status":"closed","ping_status":"closed","template":"","meta":{"_kad_blocks_custom_css":"","_kad_blocks_head_custom_js":"","_kad_blocks_body_custom_js":"","_kad_blocks_footer_custom_js":"","_kad_post_transparent":"","_kad_post_title":"","_kad_post_layout":"","_kad_post_sidebar_id":"","_kad_post_content_style":"","_kad_post_vertical_padding":"","_kad_post_feature":"","_kad_post_feature_position":"","_kad_post_header":false,"_kad_post_footer":false,"_kad_post_classname":""},"product_brand":[],"product_cat":[363],"product_tag":[584,1087],"product_brands":[489],"class_list":{"0":"post-8146","1":"product","2":"type-product","3":"status-publish","4":"has-post-thumbnail","6":"product_cat-jerseis-y-sudaderas-tallaje-masculino","7":"product_tag-otono-invierno","8":"product_tag-sin-genero","9":"product_brands-lacoste-es","11":"first","12":"outofstock","13":"sold-individually","14":"taxable","15":"shipping-taxable","16":"purchasable","17":"product-type-simple","18":"entry","19":"content-bg","20":"loop-entry"},"taxonomy_info":{"product_cat":[{"value":363,"label":"Jers\u00e9is y Sudaderas"}],"product_tag":[{"value":584,"label":"Oto\u00f1o\/Invierno"},{"value":1087,"label":"Sin G\u00e9nero"}],"product_brands":[{"value":489,"label":"Lacoste"}]},"featured_image_src_large":["https:\/\/www.circularsecondhand.org\/wp-content\/uploads\/2024\/04\/360-768x1024.jpg",768,1024,true],"author_info":[],"comment_info":0,"_links":{"self":[{"href":"https:\/\/www.circularsecondhand.org\/es\/wp-json\/wp\/v2\/product\/8146","targetHints":{"allow":["GET"]}}],"collection":[{"href":"https:\/\/www.circularsecondhand.org\/es\/wp-json\/wp\/v2\/product"}],"about":[{"href":"https:\/\/www.circularsecondhand.org\/es\/wp-json\/wp\/v2\/types\/product"}],"replies":[{"embeddable":true,"href":"https:\/\/www.circularsecondhand.org\/es\/wp-json\/wp\/v2\/comments?post=8146"}],"wp:featuredmedia":[{"embeddable":true,"href":"https:\/\/www.circularsecondhand.org\/es\/wp-json\/wp\/v2\/media\/8078"}],"wp:attachment":[{"href":"https:\/\/www.circularsecondhand.org\/es\/wp-json\/wp\/v2\/media?parent=8146"}],"wp:term":[{"taxonomy":"product_brand","embeddable":true,"href":"https:\/\/www.circularsecondhand.org\/es\/wp-json\/wp\/v2\/product_brand?post=8146"},{"taxonomy":"product_cat","embeddable":true,"href":"https:\/\/www.circularsecondhand.org\/es\/wp-json\/wp\/v2\/product_cat?post=8146"},{"taxonomy":"product_tag","embeddable":true,"href":"https:\/\/www.circularsecondhand.org\/es\/wp-json\/wp\/v2\/product_tag?post=8146"},{"taxonomy":"product_brands","embeddable":true,"href":"https:\/\/www.circularsecondhand.org\/es\/wp-json\/wp\/v2\/product_brands?post=8146"}],"curies":[{"name":"wp","href":"https:\/\/api.w.org\/{rel}","templated":true}]}}

<p>Este jersey granate de Lacoste es la prenda perfecta para añadir un toque de color a tu armario. Confeccionado con materiales de alta calidad, este suéter rojo es ideal para mantenerte abrigado y estilo durante los meses más fríos. Sea para una ocasión casual o más formal, este jersey es versátil y fácil de combinar con cualquier outfit. Atrévete a lucir elegante y moderno con este jersey Lacoste.</p>

Jerséis y Sudaderas

Otoño/Invierno

Sin Género
