{"id":7445,"date":"2024-03-27T08:55:08","date_gmt":"2024-03-27T07:55:08","guid":{"rendered":"https:\/\/circularsecondhand.org\/abrigo-de-solapa-stil-5\/"},"modified":"2025-01-31T10:38:46","modified_gmt":"2025-01-31T09:38:46","slug":"abrigo-de-solapa-stil-5","status":"publish","type":"product","link":"https:\/\/www.circularsecondhand.org\/es\/abrigo-de-solapa-stil-5\/","title":{"rendered":"Abrigo de solapa Stil 5"},"content":{"rendered":"","protected":false},"excerpt":{"rendered":"<p>Este abrigo de solapa lila es perfecto para a\u00f1adirle un toque de estilo a tu colecci\u00f3n. Con su dise\u00f1o cl\u00e1sico de solapa y botones en la parte delantera, es una prenda vers\u00e1til que puedes combinar con diferentes outfits. El abrigo de solapa Stil 5 le da un toque elegante y sofisticado, convirti\u00e9ndola en una opci\u00f3n ideal tanto para ocasiones formales como informales. Estate abrigado ya la moda con esta chaqueta lila.<\/p>\n","protected":false},"featured_media":5905,"comment_status":"closed","ping_status":"closed","template":"","meta":{"_kad_blocks_custom_css":"","_kad_blocks_head_custom_js":"","_kad_blocks_body_custom_js":"","_kad_blocks_footer_custom_js":"","_kad_post_transparent":"","_kad_post_title":"","_kad_post_layout":"","_kad_post_sidebar_id":"","_kad_post_content_style":"","_kad_post_vertical_padding":"","_kad_post_feature":"","_kad_post_feature_position":"","_kad_post_header":false,"_kad_post_footer":false,"_kad_post_classname":""},"product_brand":[],"product_cat":[381,1020],"product_tag":[129,584],"product_brands":[537],"class_list":{"0":"post-7445","1":"product","2":"type-product","3":"status-publish","4":"has-post-thumbnail","6":"product_cat-abrigos-tallaje-femenino","7":"product_cat-liquidacion","8":"product_tag-basicos","9":"product_tag-otono-invierno","10":"product_brands-stil-5-es","12":"first","13":"outofstock","14":"sale","15":"sold-individually","16":"taxable","17":"shipping-taxable","18":"purchasable","19":"product-type-simple","20":"entry","21":"content-bg","22":"loop-entry"},"taxonomy_info":{"product_cat":[{"value":381,"label":"Abrigos"},{"value":1020,"label":"Liquidaci\u00f3n"}],"product_tag":[{"value":129,"label":"B\u00e1sicos"},{"value":584,"label":"Oto\u00f1o\/Invierno"}],"product_brands":[{"value":537,"label":"Stil 5"}]},"featured_image_src_large":["https:\/\/www.circularsecondhand.org\/wp-content\/uploads\/2024\/03\/34-1-768x1024.jpg",768,1024,true],"author_info":[],"comment_info":0,"_links":{"self":[{"href":"https:\/\/www.circularsecondhand.org\/es\/wp-json\/wp\/v2\/product\/7445","targetHints":{"allow":["GET"]}}],"collection":[{"href":"https:\/\/www.circularsecondhand.org\/es\/wp-json\/wp\/v2\/product"}],"about":[{"href":"https:\/\/www.circularsecondhand.org\/es\/wp-json\/wp\/v2\/types\/product"}],"replies":[{"embeddable":true,"href":"https:\/\/www.circularsecondhand.org\/es\/wp-json\/wp\/v2\/comments?post=7445"}],"wp:featuredmedia":[{"embeddable":true,"href":"https:\/\/www.circularsecondhand.org\/es\/wp-json\/wp\/v2\/media\/5905"}],"wp:attachment":[{"href":"https:\/\/www.circularsecondhand.org\/es\/wp-json\/wp\/v2\/media?parent=7445"}],"wp:term":[{"taxonomy":"product_brand","embeddable":true,"href":"https:\/\/www.circularsecondhand.org\/es\/wp-json\/wp\/v2\/product_brand?post=7445"},{"taxonomy":"product_cat","embeddable":true,"href":"https:\/\/www.circularsecondhand.org\/es\/wp-json\/wp\/v2\/product_cat?post=7445"},{"taxonomy":"product_tag","embeddable":true,"href":"https:\/\/www.circularsecondhand.org\/es\/wp-json\/wp\/v2\/product_tag?post=7445"},{"taxonomy":"product_brands","embeddable":true,"href":"https:\/\/www.circularsecondhand.org\/es\/wp-json\/wp\/v2\/product_brands?post=7445"}],"curies":[{"name":"wp","href":"https:\/\/api.w.org\/{rel}","templated":true}]}}

<p>Este abrigo de solapa lila es perfecto para añadirle un toque de estilo a tu colección. Con su diseño clásico de solapa y botones en la parte delantera, es una prenda versátil que puedes combinar con diferentes outfits. El abrigo de solapa Stil 5 le da un toque elegante y sofisticado, convirtiéndola en una opción ideal tanto para ocasiones formales como informales. Estate abrigado ya la moda con esta chaqueta lila.</p>

Liquidación

Básicos

Otoño/Invierno
