{"id":7263,"date":"2024-03-27T09:00:32","date_gmt":"2024-03-27T08:00:32","guid":{"rendered":"https:\/\/circularsecondhand.org\/polo-verde-oscuro-pedro-del-hierro\/"},"modified":"2025-01-31T10:35:19","modified_gmt":"2025-01-31T09:35:19","slug":"polo-verde-oscuro-pedro-del-hierro","status":"publish","type":"product","link":"https:\/\/www.circularsecondhand.org\/es\/polo-verde-oscuro-pedro-del-hierro\/","title":{"rendered":"Polo verde oscuro Pedro del Hierro"},"content":{"rendered":"","protected":false},"excerpt":{"rendered":"<p>Este polo de manga larga en color verde oscuro de Pedro del Hierro es una prenda elegante y vers\u00e1til para cualquier ocasi\u00f3n. Su dise\u00f1o camisero con botones en pu\u00f1o y espalda con canes\u00fa y pliegue, ofrece comodidad y estilo. Cl\u00e1sico y sofisticado es una opci\u00f3n perfecta para lucir bien con distintos looks.<\/p>\n","protected":false},"featured_media":6750,"comment_status":"closed","ping_status":"open","template":"","meta":{"_kad_blocks_custom_css":"","_kad_blocks_head_custom_js":"","_kad_blocks_body_custom_js":"","_kad_blocks_footer_custom_js":"","_kad_post_transparent":"","_kad_post_title":"","_kad_post_layout":"","_kad_post_sidebar_id":"","_kad_post_content_style":"","_kad_post_vertical_padding":"","_kad_post_feature":"","_kad_post_feature_position":"","_kad_post_header":false,"_kad_post_footer":false,"_kad_post_classname":""},"product_brand":[],"product_cat":[361,1020],"product_tag":[152,584],"product_brands":[521],"class_list":{"0":"post-7263","1":"product","2":"type-product","3":"status-publish","4":"has-post-thumbnail","6":"product_cat-camisetas-tallaje-masculino","7":"product_cat-liquidacion","8":"product_tag-minimalista-es","9":"product_tag-otono-invierno","10":"product_brands-pedro-del-hierro-es","12":"first","13":"instock","14":"sale","15":"sold-individually","16":"taxable","17":"shipping-taxable","18":"purchasable","19":"product-type-simple","20":"entry","21":"content-bg","22":"loop-entry"},"taxonomy_info":{"product_cat":[{"value":361,"label":"Camisetas"},{"value":1020,"label":"Liquidaci\u00f3n"}],"product_tag":[{"value":152,"label":"Minimalista"},{"value":584,"label":"Oto\u00f1o\/Invierno"}],"product_brands":[{"value":521,"label":"Pedro del Hierro"}]},"featured_image_src_large":["https:\/\/www.circularsecondhand.org\/wp-content\/uploads\/2024\/03\/203-1-768x1024.jpg",768,1024,true],"author_info":[],"comment_info":0,"_links":{"self":[{"href":"https:\/\/www.circularsecondhand.org\/es\/wp-json\/wp\/v2\/product\/7263","targetHints":{"allow":["GET"]}}],"collection":[{"href":"https:\/\/www.circularsecondhand.org\/es\/wp-json\/wp\/v2\/product"}],"about":[{"href":"https:\/\/www.circularsecondhand.org\/es\/wp-json\/wp\/v2\/types\/product"}],"replies":[{"embeddable":true,"href":"https:\/\/www.circularsecondhand.org\/es\/wp-json\/wp\/v2\/comments?post=7263"}],"wp:featuredmedia":[{"embeddable":true,"href":"https:\/\/www.circularsecondhand.org\/es\/wp-json\/wp\/v2\/media\/6750"}],"wp:attachment":[{"href":"https:\/\/www.circularsecondhand.org\/es\/wp-json\/wp\/v2\/media?parent=7263"}],"wp:term":[{"taxonomy":"product_brand","embeddable":true,"href":"https:\/\/www.circularsecondhand.org\/es\/wp-json\/wp\/v2\/product_brand?post=7263"},{"taxonomy":"product_cat","embeddable":true,"href":"https:\/\/www.circularsecondhand.org\/es\/wp-json\/wp\/v2\/product_cat?post=7263"},{"taxonomy":"product_tag","embeddable":true,"href":"https:\/\/www.circularsecondhand.org\/es\/wp-json\/wp\/v2\/product_tag?post=7263"},{"taxonomy":"product_brands","embeddable":true,"href":"https:\/\/www.circularsecondhand.org\/es\/wp-json\/wp\/v2\/product_brands?post=7263"}],"curies":[{"name":"wp","href":"https:\/\/api.w.org\/{rel}","templated":true}]}}

<p>Este polo de manga larga en color verde oscuro de Pedro del Hierro es una prenda elegante y versátil para cualquier ocasión. Su diseño camisero con botones en puño y espalda con canesú y pliegue, ofrece comodidad y estilo. Clásico y sofisticado es una opción perfecta para lucir bien con distintos looks.</p>

Liquidación

Otoño/Invierno
