{"id":7252,"date":"2024-03-27T09:01:07","date_gmt":"2024-03-27T08:01:07","guid":{"rendered":"https:\/\/circularsecondhand.org\/abrigo-de-cuadros-subdued\/"},"modified":"2025-02-23T16:18:25","modified_gmt":"2025-02-23T15:18:25","slug":"abrigo-de-cuadros-subdued","status":"publish","type":"product","link":"https:\/\/www.circularsecondhand.org\/es\/abrigo-de-cuadros-subdued\/","title":{"rendered":"Abrigo de cuadros Subdued"},"content":{"rendered":"","protected":false},"excerpt":{"rendered":"<p>Este elegante abrigo estilo blazer Subdued es la prenda perfecta para a\u00f1adir un toque de sofisticaci\u00f3n a cualquier conjunto. Con anchas solapas en el cuello y un corte ancho y recto, impecable, este abrigo es ideal para lucir en ocasiones especiales o en el d\u00eda a d\u00eda. De cuadros ingleses negro, blanco y rojo, hacen esta pieza f\u00e1cilmente combinable. Se adapta a distintos estilos y personalidades. Ya sea combinado con un pantal\u00f3n de vestir o con unos jeans, este abrigo a\u00f1adir\u00e1 un toque de elegancia a cualquier look. \u00a1Imprescindible en el armario de cualquier amante de la moda!<\/p>\n","protected":false},"featured_media":6840,"comment_status":"closed","ping_status":"open","template":"","meta":{"_kad_blocks_custom_css":"","_kad_blocks_head_custom_js":"","_kad_blocks_body_custom_js":"","_kad_blocks_footer_custom_js":"","_kad_post_transparent":"","_kad_post_title":"","_kad_post_layout":"","_kad_post_sidebar_id":"","_kad_post_content_style":"","_kad_post_vertical_padding":"","_kad_post_feature":"","_kad_post_feature_position":"","_kad_post_header":false,"_kad_post_footer":false,"_kad_post_classname":""},"product_brand":[],"product_cat":[381,1020],"product_tag":[129,584],"product_brands":[416],"class_list":{"0":"post-7252","1":"product","2":"type-product","3":"status-publish","4":"has-post-thumbnail","6":"product_cat-abrigos-tallaje-femenino","7":"product_cat-liquidacion","8":"product_tag-basicos","9":"product_tag-otono-invierno","10":"product_brands-subdued-es","12":"first","13":"outofstock","14":"sale","15":"sold-individually","16":"taxable","17":"shipping-taxable","18":"purchasable","19":"product-type-simple","20":"entry","21":"content-bg","22":"loop-entry"},"taxonomy_info":{"product_cat":[{"value":381,"label":"Abrigos"},{"value":1020,"label":"Liquidaci\u00f3n"}],"product_tag":[{"value":129,"label":"B\u00e1sicos"},{"value":584,"label":"Oto\u00f1o\/Invierno"}],"product_brands":[{"value":416,"label":"Subdued"}]},"featured_image_src_large":["https:\/\/www.circularsecondhand.org\/wp-content\/uploads\/2024\/03\/221-1-768x1024.jpg",768,1024,true],"author_info":[],"comment_info":0,"_links":{"self":[{"href":"https:\/\/www.circularsecondhand.org\/es\/wp-json\/wp\/v2\/product\/7252","targetHints":{"allow":["GET"]}}],"collection":[{"href":"https:\/\/www.circularsecondhand.org\/es\/wp-json\/wp\/v2\/product"}],"about":[{"href":"https:\/\/www.circularsecondhand.org\/es\/wp-json\/wp\/v2\/types\/product"}],"replies":[{"embeddable":true,"href":"https:\/\/www.circularsecondhand.org\/es\/wp-json\/wp\/v2\/comments?post=7252"}],"wp:featuredmedia":[{"embeddable":true,"href":"https:\/\/www.circularsecondhand.org\/es\/wp-json\/wp\/v2\/media\/6840"}],"wp:attachment":[{"href":"https:\/\/www.circularsecondhand.org\/es\/wp-json\/wp\/v2\/media?parent=7252"}],"wp:term":[{"taxonomy":"product_brand","embeddable":true,"href":"https:\/\/www.circularsecondhand.org\/es\/wp-json\/wp\/v2\/product_brand?post=7252"},{"taxonomy":"product_cat","embeddable":true,"href":"https:\/\/www.circularsecondhand.org\/es\/wp-json\/wp\/v2\/product_cat?post=7252"},{"taxonomy":"product_tag","embeddable":true,"href":"https:\/\/www.circularsecondhand.org\/es\/wp-json\/wp\/v2\/product_tag?post=7252"},{"taxonomy":"product_brands","embeddable":true,"href":"https:\/\/www.circularsecondhand.org\/es\/wp-json\/wp\/v2\/product_brands?post=7252"}],"curies":[{"name":"wp","href":"https:\/\/api.w.org\/{rel}","templated":true}]}}

<p>Este elegante abrigo estilo blazer Subdued es la prenda perfecta para añadir un toque de sofisticación a cualquier conjunto. Con anchas solapas en el cuello y un corte ancho y recto, impecable, este abrigo es ideal para lucir en ocasiones especiales o en el día a día. De cuadros ingleses negro, blanco y rojo, hacen esta pieza fácilmente combinable. Se adapta a distintos estilos y personalidades. Ya sea combinado con un pantalón de vestir o con unos jeans, este abrigo añadirá un toque de elegancia a cualquier look. ¡Imprescindible en el armario de cualquier amante de la moda!</p>

Liquidación

Básicos

Otoño/Invierno
