{"id":7184,"date":"2024-03-27T09:02:58","date_gmt":"2024-03-27T08:02:58","guid":{"rendered":"https:\/\/circularsecondhand.org\/blazer-negro-mariona\/"},"modified":"2024-12-06T15:27:18","modified_gmt":"2024-12-06T14:27:18","slug":"blazer-negro-mariona","status":"publish","type":"product","link":"https:\/\/www.circularsecondhand.org\/es\/blazer-negro-mariona\/","title":{"rendered":"Blazer negro Mariona"},"content":{"rendered":"","protected":false},"excerpt":{"rendered":"<p>Descubre el elegante y sofisticado blazer negro Mariona. Confeccionado con materiales de alta calidad, este blazer es perfecto para lucir un look profesional y la moda. Su dise\u00f1o cl\u00e1sico y atemporal combina perfectamente con cualquier outfit, ya sea para una reuni\u00f3n de negocios o una ocasi\u00f3n especial. El blazer negro Mariona te brinda estilo y confianza en cada paso que das. \u00a1No te quedes sin el tuyo!<\/p>\n","protected":false},"featured_media":5634,"comment_status":"closed","ping_status":"open","template":"","meta":{"_kad_blocks_custom_css":"","_kad_blocks_head_custom_js":"","_kad_blocks_body_custom_js":"","_kad_blocks_footer_custom_js":"","_kad_post_transparent":"","_kad_post_title":"","_kad_post_layout":"","_kad_post_sidebar_id":"","_kad_post_content_style":"","_kad_post_vertical_padding":"","_kad_post_feature":"","_kad_post_feature_position":"","_kad_post_header":false,"_kad_post_footer":false,"_kad_post_classname":""},"product_brand":[],"product_cat":[397],"product_tag":[129,584],"product_brands":[583],"class_list":{"0":"post-7184","1":"product","2":"type-product","3":"status-publish","4":"has-post-thumbnail","6":"product_cat-blazers-tallaje-femenino","7":"product_tag-basicos","8":"product_tag-otono-invierno","9":"product_brands-mariona-es","11":"first","12":"outofstock","13":"sold-individually","14":"taxable","15":"shipping-taxable","16":"purchasable","17":"product-type-simple","18":"entry","19":"content-bg","20":"loop-entry"},"taxonomy_info":{"product_cat":[{"value":397,"label":"Blazers"}],"product_tag":[{"value":129,"label":"B\u00e1sicos"},{"value":584,"label":"Oto\u00f1o\/Invierno"}],"product_brands":[{"value":583,"label":"Mariona"}]},"featured_image_src_large":["https:\/\/www.circularsecondhand.org\/wp-content\/uploads\/2024\/03\/303-3-768x1024.jpg",768,1024,true],"author_info":[],"comment_info":0,"_links":{"self":[{"href":"https:\/\/www.circularsecondhand.org\/es\/wp-json\/wp\/v2\/product\/7184","targetHints":{"allow":["GET"]}}],"collection":[{"href":"https:\/\/www.circularsecondhand.org\/es\/wp-json\/wp\/v2\/product"}],"about":[{"href":"https:\/\/www.circularsecondhand.org\/es\/wp-json\/wp\/v2\/types\/product"}],"replies":[{"embeddable":true,"href":"https:\/\/www.circularsecondhand.org\/es\/wp-json\/wp\/v2\/comments?post=7184"}],"wp:featuredmedia":[{"embeddable":true,"href":"https:\/\/www.circularsecondhand.org\/es\/wp-json\/wp\/v2\/media\/5634"}],"wp:attachment":[{"href":"https:\/\/www.circularsecondhand.org\/es\/wp-json\/wp\/v2\/media?parent=7184"}],"wp:term":[{"taxonomy":"product_brand","embeddable":true,"href":"https:\/\/www.circularsecondhand.org\/es\/wp-json\/wp\/v2\/product_brand?post=7184"},{"taxonomy":"product_cat","embeddable":true,"href":"https:\/\/www.circularsecondhand.org\/es\/wp-json\/wp\/v2\/product_cat?post=7184"},{"taxonomy":"product_tag","embeddable":true,"href":"https:\/\/www.circularsecondhand.org\/es\/wp-json\/wp\/v2\/product_tag?post=7184"},{"taxonomy":"product_brands","embeddable":true,"href":"https:\/\/www.circularsecondhand.org\/es\/wp-json\/wp\/v2\/product_brands?post=7184"}],"curies":[{"name":"wp","href":"https:\/\/api.w.org\/{rel}","templated":true}]}}

<p>Descubre el elegante y sofisticado blazer negro Mariona. Confeccionado con materiales de alta calidad, este blazer es perfecto para lucir un look profesional y la moda. Su diseño clásico y atemporal combina perfectamente con cualquier outfit, ya sea para una reunión de negocios o una ocasión especial. El blazer negro Mariona te brinda estilo y confianza en cada paso que das. ¡No te quedes sin el tuyo!</p>

Básicos

Otoño/Invierno
