{"id":7181,"date":"2024-03-27T09:02:58","date_gmt":"2024-03-27T08:02:58","guid":{"rendered":"https:\/\/circularsecondhand.org\/cardigan-azul-electrico\/"},"modified":"2024-04-05T11:10:36","modified_gmt":"2024-04-05T09:10:36","slug":"cardigan-azul-electrico","status":"publish","type":"product","link":"https:\/\/www.circularsecondhand.org\/es\/cardigan-azul-electrico\/","title":{"rendered":"C\u00e1rdigan azul el\u00e9ctrico"},"content":{"rendered":"","protected":false},"excerpt":{"rendered":"<p>Este cardigan azul el\u00e9ctrico es una prenda imprescindible para a\u00f1adir un toque de estilo a tu guardarropa. Confeccionado con un suave tejido de alta calidad, este cardigan es perfecto para mantenerte abrigado y c\u00f3modo durante los d\u00edas m\u00e1s fr\u00edos. Su color azul el\u00e9ctrico intenso le da un aspecto moderno y llamativo, que seguramente captar\u00e1 la atenci\u00f3n de todos a tu alrededor. Ya sea que lo combines con unos jeans o una falda, este cardigan ser\u00e1 la pieza clave para completar cualquier conjunto con un toque de elegancia y sofisticaci\u00f3n.<\/p>\n","protected":false},"featured_media":5654,"comment_status":"closed","ping_status":"open","template":"","meta":{"_kad_blocks_custom_css":"","_kad_blocks_head_custom_js":"","_kad_blocks_body_custom_js":"","_kad_blocks_footer_custom_js":"","_kad_post_transparent":"","_kad_post_title":"","_kad_post_layout":"","_kad_post_sidebar_id":"","_kad_post_content_style":"","_kad_post_vertical_padding":"","_kad_post_feature":"","_kad_post_feature_position":"","_kad_post_header":false,"_kad_post_footer":false,"_kad_post_classname":""},"product_brand":[],"product_cat":[358],"product_tag":[584,131],"product_brands":[],"class_list":{"0":"post-7181","1":"product","2":"type-product","3":"status-publish","4":"has-post-thumbnail","6":"product_cat-jerseis-y-sudaderas-tallaje-femenino","7":"product_tag-otono-invierno","8":"product_tag-vintage-es","10":"first","11":"outofstock","12":"sold-individually","13":"taxable","14":"shipping-taxable","15":"purchasable","16":"product-type-simple","17":"entry","18":"content-bg","19":"loop-entry"},"taxonomy_info":{"product_cat":[{"value":358,"label":"Jers\u00e9is y Sudaderas"}],"product_tag":[{"value":584,"label":"Oto\u00f1o\/Invierno"},{"value":131,"label":"Vintage"}]},"featured_image_src_large":["https:\/\/www.circularsecondhand.org\/wp-content\/uploads\/2024\/03\/307-3-768x1024.jpg",768,1024,true],"author_info":[],"comment_info":0,"_links":{"self":[{"href":"https:\/\/www.circularsecondhand.org\/es\/wp-json\/wp\/v2\/product\/7181","targetHints":{"allow":["GET"]}}],"collection":[{"href":"https:\/\/www.circularsecondhand.org\/es\/wp-json\/wp\/v2\/product"}],"about":[{"href":"https:\/\/www.circularsecondhand.org\/es\/wp-json\/wp\/v2\/types\/product"}],"replies":[{"embeddable":true,"href":"https:\/\/www.circularsecondhand.org\/es\/wp-json\/wp\/v2\/comments?post=7181"}],"wp:featuredmedia":[{"embeddable":true,"href":"https:\/\/www.circularsecondhand.org\/es\/wp-json\/wp\/v2\/media\/5654"}],"wp:attachment":[{"href":"https:\/\/www.circularsecondhand.org\/es\/wp-json\/wp\/v2\/media?parent=7181"}],"wp:term":[{"taxonomy":"product_brand","embeddable":true,"href":"https:\/\/www.circularsecondhand.org\/es\/wp-json\/wp\/v2\/product_brand?post=7181"},{"taxonomy":"product_cat","embeddable":true,"href":"https:\/\/www.circularsecondhand.org\/es\/wp-json\/wp\/v2\/product_cat?post=7181"},{"taxonomy":"product_tag","embeddable":true,"href":"https:\/\/www.circularsecondhand.org\/es\/wp-json\/wp\/v2\/product_tag?post=7181"},{"taxonomy":"product_brands","embeddable":true,"href":"https:\/\/www.circularsecondhand.org\/es\/wp-json\/wp\/v2\/product_brands?post=7181"}],"curies":[{"name":"wp","href":"https:\/\/api.w.org\/{rel}","templated":true}]}}

Cárdigan azul eléctrico

<p>Este cardigan azul eléctrico es una prenda imprescindible para añadir un toque de estilo a tu guardarropa. Confeccionado con un suave tejido de alta calidad, este cardigan es perfecto para mantenerte abrigado y cómodo durante los días más fríos. Su color azul eléctrico intenso le da un aspecto moderno y llamativo, que seguramente captará la atención de todos a tu alrededor. Ya sea que lo combines con unos jeans o una falda, este cardigan será la pieza clave para completar cualquier conjunto con un toque de elegancia y sofisticación.</p>

Jerséis y Sudaderas

Otoño/Invierno
