{"id":15807,"date":"2025-06-26T08:36:03","date_gmt":"2025-06-26T06:36:03","guid":{"rendered":"https:\/\/www.circularsecondhand.org\/?post_type=product&#038;p=15807"},"modified":"2025-06-26T08:36:03","modified_gmt":"2025-06-26T06:36:03","slug":"camisa-paolo","status":"publish","type":"product","link":"https:\/\/www.circularsecondhand.org\/es\/camisa-paolo\/","title":{"rendered":"Camisa Paolo"},"content":{"rendered":"","protected":false},"excerpt":{"rendered":"<p>Camisa crop vintage perfecta para darle un toque divertido a tu armario. Con su encantador dise\u00f1o de piquetes y un elegante cuello beb\u00e9, esta prenda es ideal para cualquier ocasi\u00f3n. Su tejido fresco y con ca\u00edda te mantendr\u00e1 c\u00f3moda y estilosa, mientras que los botones de estilo marinero a\u00f1aden un detalle \u00fanico. Aunque tiene ligeras zonas deste\u00f1idas en la parte trasera y en las mangas, su estado es perfecto para lucirla. Este tama\u00f1o 4 se ajusta a una S actual.    <\/p>\n","protected":false},"featured_media":15654,"comment_status":"closed","ping_status":"open","template":"","meta":{"_kad_blocks_custom_css":"","_kad_blocks_head_custom_js":"","_kad_blocks_body_custom_js":"","_kad_blocks_footer_custom_js":"","_kad_post_transparent":"","_kad_post_title":"","_kad_post_layout":"","_kad_post_sidebar_id":"","_kad_post_content_style":"","_kad_post_vertical_padding":"","_kad_post_feature":"","_kad_post_feature_position":"","_kad_post_header":false,"_kad_post_footer":false,"_kad_post_classname":""},"product_brand":[],"product_cat":[362],"product_tag":[582,131],"product_brands":[],"class_list":{"0":"post-15807","1":"product","2":"type-product","3":"status-publish","4":"has-post-thumbnail","6":"product_cat-camisas-tallaje-femenino","7":"product_tag-primavera-verano","8":"product_tag-vintage-es","10":"first","11":"outofstock","12":"sold-individually","13":"taxable","14":"shipping-taxable","15":"purchasable","16":"product-type-simple","17":"entry","18":"content-bg","19":"loop-entry"},"taxonomy_info":{"product_cat":[{"value":362,"label":"Camisas"}],"product_tag":[{"value":582,"label":"Primavera\/Verano"},{"value":131,"label":"Vintage"}]},"featured_image_src_large":["https:\/\/www.circularsecondhand.org\/wp-content\/uploads\/2025\/06\/983-768x1024.jpg",768,1024,true],"author_info":[],"comment_info":0,"_links":{"self":[{"href":"https:\/\/www.circularsecondhand.org\/es\/wp-json\/wp\/v2\/product\/15807","targetHints":{"allow":["GET"]}}],"collection":[{"href":"https:\/\/www.circularsecondhand.org\/es\/wp-json\/wp\/v2\/product"}],"about":[{"href":"https:\/\/www.circularsecondhand.org\/es\/wp-json\/wp\/v2\/types\/product"}],"replies":[{"embeddable":true,"href":"https:\/\/www.circularsecondhand.org\/es\/wp-json\/wp\/v2\/comments?post=15807"}],"wp:featuredmedia":[{"embeddable":true,"href":"https:\/\/www.circularsecondhand.org\/es\/wp-json\/wp\/v2\/media\/15654"}],"wp:attachment":[{"href":"https:\/\/www.circularsecondhand.org\/es\/wp-json\/wp\/v2\/media?parent=15807"}],"wp:term":[{"taxonomy":"product_brand","embeddable":true,"href":"https:\/\/www.circularsecondhand.org\/es\/wp-json\/wp\/v2\/product_brand?post=15807"},{"taxonomy":"product_cat","embeddable":true,"href":"https:\/\/www.circularsecondhand.org\/es\/wp-json\/wp\/v2\/product_cat?post=15807"},{"taxonomy":"product_tag","embeddable":true,"href":"https:\/\/www.circularsecondhand.org\/es\/wp-json\/wp\/v2\/product_tag?post=15807"},{"taxonomy":"product_brands","embeddable":true,"href":"https:\/\/www.circularsecondhand.org\/es\/wp-json\/wp\/v2\/product_brands?post=15807"}],"curies":[{"name":"wp","href":"https:\/\/api.w.org\/{rel}","templated":true}]}}

<p>Camisa crop vintage perfecta para darle un toque divertido a tu armario. Con su encantador diseño de piquetes y un elegante cuello bebé, esta prenda es ideal para cualquier ocasión. Su tejido fresco y con caída te mantendrá cómoda y estilosa, mientras que los botones de estilo marinero añaden un detalle único. Aunque tiene ligeras zonas desteñidas en la parte trasera y en las mangas, su estado es perfecto para lucirla. Este tamaño 4 se ajusta a una S actual.    </p>
