{"id":15517,"date":"2025-06-12T08:36:08","date_gmt":"2025-06-12T06:36:08","guid":{"rendered":"https:\/\/www.circularsecondhand.org\/camisa-rayas-2\/"},"modified":"2025-06-12T08:36:08","modified_gmt":"2025-06-12T06:36:08","slug":"camisa-rayas-2","status":"publish","type":"product","link":"https:\/\/www.circularsecondhand.org\/es\/camisa-rayas-2\/","title":{"rendered":"Camisa rayas"},"content":{"rendered":"","protected":false},"excerpt":{"rendered":"<p>Descubre la frescura y comodidad de la camisa de algod\u00f3n de la marca Queralt de Reus. Con un tejido suave y ligero, esta camisa de estilo recto es ideal para estos d\u00edas c\u00e1lidos. Equivalente a una talla S de hombre, es perfecta para crear looks frescos y desenfadados. Aunque tiene unas peque\u00f1as manchas, su estado es impecable y lista para acompa\u00f1arte en tus aventuras diarias.   <\/p>\n","protected":false},"featured_media":15341,"comment_status":"closed","ping_status":"open","template":"","meta":{"_kad_blocks_custom_css":"","_kad_blocks_head_custom_js":"","_kad_blocks_body_custom_js":"","_kad_blocks_footer_custom_js":"","_kad_post_transparent":"","_kad_post_title":"","_kad_post_layout":"","_kad_post_sidebar_id":"","_kad_post_content_style":"","_kad_post_vertical_padding":"","_kad_post_feature":"","_kad_post_feature_position":"","_kad_post_header":false,"_kad_post_footer":false,"_kad_post_classname":""},"product_brand":[],"product_cat":[378],"product_tag":[582,1087],"product_brands":[],"class_list":{"0":"post-15517","1":"product","2":"type-product","3":"status-publish","4":"has-post-thumbnail","6":"product_cat-camisas-tallaje-masculino","7":"product_tag-primavera-verano","8":"product_tag-sin-genero","10":"first","11":"instock","12":"sold-individually","13":"taxable","14":"shipping-taxable","15":"purchasable","16":"product-type-simple","17":"entry","18":"content-bg","19":"loop-entry"},"taxonomy_info":{"product_cat":[{"value":378,"label":"Camisas"}],"product_tag":[{"value":582,"label":"Primavera\/Verano"},{"value":1087,"label":"Sin G\u00e9nero"}]},"featured_image_src_large":["https:\/\/www.circularsecondhand.org\/wp-content\/uploads\/2025\/06\/954-768x1024.jpg",768,1024,true],"author_info":[],"comment_info":0,"_links":{"self":[{"href":"https:\/\/www.circularsecondhand.org\/es\/wp-json\/wp\/v2\/product\/15517","targetHints":{"allow":["GET"]}}],"collection":[{"href":"https:\/\/www.circularsecondhand.org\/es\/wp-json\/wp\/v2\/product"}],"about":[{"href":"https:\/\/www.circularsecondhand.org\/es\/wp-json\/wp\/v2\/types\/product"}],"replies":[{"embeddable":true,"href":"https:\/\/www.circularsecondhand.org\/es\/wp-json\/wp\/v2\/comments?post=15517"}],"wp:featuredmedia":[{"embeddable":true,"href":"https:\/\/www.circularsecondhand.org\/es\/wp-json\/wp\/v2\/media\/15341"}],"wp:attachment":[{"href":"https:\/\/www.circularsecondhand.org\/es\/wp-json\/wp\/v2\/media?parent=15517"}],"wp:term":[{"taxonomy":"product_brand","embeddable":true,"href":"https:\/\/www.circularsecondhand.org\/es\/wp-json\/wp\/v2\/product_brand?post=15517"},{"taxonomy":"product_cat","embeddable":true,"href":"https:\/\/www.circularsecondhand.org\/es\/wp-json\/wp\/v2\/product_cat?post=15517"},{"taxonomy":"product_tag","embeddable":true,"href":"https:\/\/www.circularsecondhand.org\/es\/wp-json\/wp\/v2\/product_tag?post=15517"},{"taxonomy":"product_brands","embeddable":true,"href":"https:\/\/www.circularsecondhand.org\/es\/wp-json\/wp\/v2\/product_brands?post=15517"}],"curies":[{"name":"wp","href":"https:\/\/api.w.org\/{rel}","templated":true}]}}

<p>Descubre la frescura y comodidad de la camisa de algodón de la marca Queralt de Reus. Con un tejido suave y ligero, esta camisa de estilo recto es ideal para estos días cálidos. Equivalente a una talla S de hombre, es perfecta para crear looks frescos y desenfadados. Aunque tiene unas pequeñas manchas, su estado es impecable y lista para acompañarte en tus aventuras diarias.   </p>

Sin Género
