{"id":15104,"date":"2025-05-22T08:33:40","date_gmt":"2025-05-22T06:33:40","guid":{"rendered":"https:\/\/www.circularsecondhand.org\/vestido-de-punto\/"},"modified":"2025-05-22T08:33:40","modified_gmt":"2025-05-22T06:33:40","slug":"vestido-de-punto","status":"publish","type":"product","link":"https:\/\/www.circularsecondhand.org\/es\/vestido-de-punto\/","title":{"rendered":"Vestido de punto"},"content":{"rendered":"","protected":false},"excerpt":{"rendered":"<p>Traje de punto entallado, dise\u00f1ado para realzar tu figura con su escote en V y pinzas que se ajustan perfectamente. Su forro y la abertura posterior te brindan comodidad y libertad de movimiento, ideal para cualquier ocasi\u00f3n. Con un tejido de punto satinado que a\u00f1ade un toque de sofisticaci\u00f3n, este vestido es una opci\u00f3n vers\u00e1til para tu guardarropa. Aunque presenta ligeras marcas de uso y una peque\u00f1a mancha, su estilo atemporal y ajuste a talla S lo convierten en una prenda \u00fanica que no querr\u00e1s dejar pasar.   <\/p>\n","protected":false},"featured_media":15115,"comment_status":"closed","ping_status":"open","template":"","meta":{"_kad_blocks_custom_css":"","_kad_blocks_head_custom_js":"","_kad_blocks_body_custom_js":"","_kad_blocks_footer_custom_js":"","_kad_post_transparent":"","_kad_post_title":"","_kad_post_layout":"","_kad_post_sidebar_id":"","_kad_post_content_style":"","_kad_post_vertical_padding":"","_kad_post_feature":"","_kad_post_feature_position":"","_kad_post_header":false,"_kad_post_footer":false,"_kad_post_classname":""},"product_brand":[],"product_cat":[380],"product_tag":[582,131],"product_brands":[],"class_list":{"0":"post-15104","1":"product","2":"type-product","3":"status-publish","4":"has-post-thumbnail","6":"product_cat-vestidos-tallaje-femenino","7":"product_tag-primavera-verano","8":"product_tag-vintage-es","10":"first","11":"instock","12":"sold-individually","13":"taxable","14":"shipping-taxable","15":"purchasable","16":"product-type-simple","17":"entry","18":"content-bg","19":"loop-entry"},"taxonomy_info":{"product_cat":[{"value":380,"label":"Vestidos"}],"product_tag":[{"value":582,"label":"Primavera\/Verano"},{"value":131,"label":"Vintage"}]},"featured_image_src_large":["https:\/\/www.circularsecondhand.org\/wp-content\/uploads\/2025\/05\/935-768x1024.jpg",768,1024,true],"author_info":[],"comment_info":0,"_links":{"self":[{"href":"https:\/\/www.circularsecondhand.org\/es\/wp-json\/wp\/v2\/product\/15104","targetHints":{"allow":["GET"]}}],"collection":[{"href":"https:\/\/www.circularsecondhand.org\/es\/wp-json\/wp\/v2\/product"}],"about":[{"href":"https:\/\/www.circularsecondhand.org\/es\/wp-json\/wp\/v2\/types\/product"}],"replies":[{"embeddable":true,"href":"https:\/\/www.circularsecondhand.org\/es\/wp-json\/wp\/v2\/comments?post=15104"}],"wp:featuredmedia":[{"embeddable":true,"href":"https:\/\/www.circularsecondhand.org\/es\/wp-json\/wp\/v2\/media\/15115"}],"wp:attachment":[{"href":"https:\/\/www.circularsecondhand.org\/es\/wp-json\/wp\/v2\/media?parent=15104"}],"wp:term":[{"taxonomy":"product_brand","embeddable":true,"href":"https:\/\/www.circularsecondhand.org\/es\/wp-json\/wp\/v2\/product_brand?post=15104"},{"taxonomy":"product_cat","embeddable":true,"href":"https:\/\/www.circularsecondhand.org\/es\/wp-json\/wp\/v2\/product_cat?post=15104"},{"taxonomy":"product_tag","embeddable":true,"href":"https:\/\/www.circularsecondhand.org\/es\/wp-json\/wp\/v2\/product_tag?post=15104"},{"taxonomy":"product_brands","embeddable":true,"href":"https:\/\/www.circularsecondhand.org\/es\/wp-json\/wp\/v2\/product_brands?post=15104"}],"curies":[{"name":"wp","href":"https:\/\/api.w.org\/{rel}","templated":true}]}}

<p>Traje de punto entallado, diseñado para realzar tu figura con su escote en V y pinzas que se ajustan perfectamente. Su forro y la abertura posterior te brindan comodidad y libertad de movimiento, ideal para cualquier ocasión. Con un tejido de punto satinado que añade un toque de sofisticación, este vestido es una opción versátil para tu guardarropa. Aunque presenta ligeras marcas de uso y una pequeña mancha, su estilo atemporal y ajuste a talla S lo convierten en una prenda única que no querrás dejar pasar.   </p>
