{"id":15066,"date":"2025-05-22T08:34:20","date_gmt":"2025-05-22T06:34:20","guid":{"rendered":"https:\/\/www.circularsecondhand.org\/camisa-desigual\/"},"modified":"2025-05-22T08:34:20","modified_gmt":"2025-05-22T06:34:20","slug":"camisa-desigual","status":"publish","type":"product","link":"https:\/\/www.circularsecondhand.org\/es\/camisa-desigual\/","title":{"rendered":"Camisa Desigual"},"content":{"rendered":"","protected":false},"excerpt":{"rendered":"<p>Descubre la camisa de cuadros rojos, blancos y azules que elevar\u00e1 su estilo casual. Con un elegante cuello azul y detalles en tejido tejano, esta prenda no s\u00f3lo es moderna, sino tambi\u00e9n funcional, gracias a sus pr\u00e1cticos bolsillos frontales. Adem\u00e1s, su parte trasera cuenta con un bordado de alta calidad que a\u00f1ade un toque \u00fanico y sofisticado. Perfecta para cualquier ocasi\u00f3n   <\/p>\n","protected":false},"featured_media":15079,"comment_status":"closed","ping_status":"open","template":"","meta":{"_kad_blocks_custom_css":"","_kad_blocks_head_custom_js":"","_kad_blocks_body_custom_js":"","_kad_blocks_footer_custom_js":"","_kad_post_transparent":"","_kad_post_title":"","_kad_post_layout":"","_kad_post_sidebar_id":"","_kad_post_content_style":"","_kad_post_vertical_padding":"","_kad_post_feature":"","_kad_post_feature_position":"","_kad_post_header":false,"_kad_post_footer":false,"_kad_post_classname":""},"product_brand":[],"product_cat":[378],"product_tag":[1086,582],"product_brands":[711],"class_list":{"0":"post-15066","1":"product","2":"type-product","3":"status-publish","4":"has-post-thumbnail","6":"product_cat-camisas-tallaje-masculino","7":"product_tag-marcas","8":"product_tag-primavera-verano","9":"product_brands-desigual-es","11":"first","12":"instock","13":"sold-individually","14":"taxable","15":"shipping-taxable","16":"purchasable","17":"product-type-simple","18":"entry","19":"content-bg","20":"loop-entry"},"taxonomy_info":{"product_cat":[{"value":378,"label":"Camisas"}],"product_tag":[{"value":1086,"label":"Marcas"},{"value":582,"label":"Primavera\/Verano"}],"product_brands":[{"value":711,"label":"Desigual"}]},"featured_image_src_large":["https:\/\/www.circularsecondhand.org\/wp-content\/uploads\/2025\/05\/927-768x1024.jpg",768,1024,true],"author_info":[],"comment_info":0,"_links":{"self":[{"href":"https:\/\/www.circularsecondhand.org\/es\/wp-json\/wp\/v2\/product\/15066","targetHints":{"allow":["GET"]}}],"collection":[{"href":"https:\/\/www.circularsecondhand.org\/es\/wp-json\/wp\/v2\/product"}],"about":[{"href":"https:\/\/www.circularsecondhand.org\/es\/wp-json\/wp\/v2\/types\/product"}],"replies":[{"embeddable":true,"href":"https:\/\/www.circularsecondhand.org\/es\/wp-json\/wp\/v2\/comments?post=15066"}],"wp:featuredmedia":[{"embeddable":true,"href":"https:\/\/www.circularsecondhand.org\/es\/wp-json\/wp\/v2\/media\/15079"}],"wp:attachment":[{"href":"https:\/\/www.circularsecondhand.org\/es\/wp-json\/wp\/v2\/media?parent=15066"}],"wp:term":[{"taxonomy":"product_brand","embeddable":true,"href":"https:\/\/www.circularsecondhand.org\/es\/wp-json\/wp\/v2\/product_brand?post=15066"},{"taxonomy":"product_cat","embeddable":true,"href":"https:\/\/www.circularsecondhand.org\/es\/wp-json\/wp\/v2\/product_cat?post=15066"},{"taxonomy":"product_tag","embeddable":true,"href":"https:\/\/www.circularsecondhand.org\/es\/wp-json\/wp\/v2\/product_tag?post=15066"},{"taxonomy":"product_brands","embeddable":true,"href":"https:\/\/www.circularsecondhand.org\/es\/wp-json\/wp\/v2\/product_brands?post=15066"}],"curies":[{"name":"wp","href":"https:\/\/api.w.org\/{rel}","templated":true}]}}

<p>Descubre la camisa de cuadros rojos, blancos y azules que elevará su estilo casual. Con un elegante cuello azul y detalles en tejido tejano, esta prenda no sólo es moderna, sino también funcional, gracias a sus prácticos bolsillos frontales. Además, su parte trasera cuenta con un bordado de alta calidad que añade un toque único y sofisticado. Perfecta para cualquier ocasión   </p>
