{"id":14710,"date":"2025-05-08T09:19:53","date_gmt":"2025-05-08T07:19:53","guid":{"rendered":"https:\/\/www.circularsecondhand.org\/ca-misa-perlas\/"},"modified":"2025-05-08T09:19:53","modified_gmt":"2025-05-08T07:19:53","slug":"ca-misa-perlas","status":"publish","type":"product","link":"https:\/\/www.circularsecondhand.org\/es\/ca-misa-perlas\/","title":{"rendered":"Ca misa perlas"},"content":{"rendered":"","protected":false},"excerpt":{"rendered":"<p>Descubre nuestra encantadora camisa vintage en un suave tono azul claro, perfecta para a\u00f1adir un toque de personalidad a tu guardarropa. Con un caracter\u00edstico cuello que resalta su estilo \u00fanico y botones de fantas\u00eda en forma de perla, esta blusa es una joya que cuenta con historia. Aunque algunos botones muestran signos de uso y el tejido refleja el paso del tiempo, su estado es impecable y lista para ser lucida. Una peque\u00f1a mancha en la parte trasera no le quita su encanto.   <\/p>\n","protected":false},"featured_media":14716,"comment_status":"closed","ping_status":"open","template":"","meta":{"_kad_blocks_custom_css":"","_kad_blocks_head_custom_js":"","_kad_blocks_body_custom_js":"","_kad_blocks_footer_custom_js":"","_kad_post_transparent":"","_kad_post_title":"","_kad_post_layout":"","_kad_post_sidebar_id":"","_kad_post_content_style":"","_kad_post_vertical_padding":"","_kad_post_feature":"","_kad_post_feature_position":"","_kad_post_header":false,"_kad_post_footer":false,"_kad_post_classname":""},"product_brand":[],"product_cat":[362],"product_tag":[582,131],"product_brands":[],"class_list":{"0":"post-14710","1":"product","2":"type-product","3":"status-publish","4":"has-post-thumbnail","6":"product_cat-camisas-tallaje-femenino","7":"product_tag-primavera-verano","8":"product_tag-vintage-es","10":"first","11":"instock","12":"sold-individually","13":"taxable","14":"shipping-taxable","15":"purchasable","16":"product-type-simple","17":"entry","18":"content-bg","19":"loop-entry"},"taxonomy_info":{"product_cat":[{"value":362,"label":"Camisas"}],"product_tag":[{"value":582,"label":"Primavera\/Verano"},{"value":131,"label":"Vintage"}]},"featured_image_src_large":["https:\/\/www.circularsecondhand.org\/wp-content\/uploads\/2025\/05\/900-768x1024.jpg",768,1024,true],"author_info":[],"comment_info":0,"_links":{"self":[{"href":"https:\/\/www.circularsecondhand.org\/es\/wp-json\/wp\/v2\/product\/14710","targetHints":{"allow":["GET"]}}],"collection":[{"href":"https:\/\/www.circularsecondhand.org\/es\/wp-json\/wp\/v2\/product"}],"about":[{"href":"https:\/\/www.circularsecondhand.org\/es\/wp-json\/wp\/v2\/types\/product"}],"replies":[{"embeddable":true,"href":"https:\/\/www.circularsecondhand.org\/es\/wp-json\/wp\/v2\/comments?post=14710"}],"wp:featuredmedia":[{"embeddable":true,"href":"https:\/\/www.circularsecondhand.org\/es\/wp-json\/wp\/v2\/media\/14716"}],"wp:attachment":[{"href":"https:\/\/www.circularsecondhand.org\/es\/wp-json\/wp\/v2\/media?parent=14710"}],"wp:term":[{"taxonomy":"product_brand","embeddable":true,"href":"https:\/\/www.circularsecondhand.org\/es\/wp-json\/wp\/v2\/product_brand?post=14710"},{"taxonomy":"product_cat","embeddable":true,"href":"https:\/\/www.circularsecondhand.org\/es\/wp-json\/wp\/v2\/product_cat?post=14710"},{"taxonomy":"product_tag","embeddable":true,"href":"https:\/\/www.circularsecondhand.org\/es\/wp-json\/wp\/v2\/product_tag?post=14710"},{"taxonomy":"product_brands","embeddable":true,"href":"https:\/\/www.circularsecondhand.org\/es\/wp-json\/wp\/v2\/product_brands?post=14710"}],"curies":[{"name":"wp","href":"https:\/\/api.w.org\/{rel}","templated":true}]}}

<p>Descubre nuestra encantadora camisa vintage en un suave tono azul claro, perfecta para añadir un toque de personalidad a tu guardarropa. Con un característico cuello que resalta su estilo único y botones de fantasía en forma de perla, esta blusa es una joya que cuenta con historia. Aunque algunos botones muestran signos de uso y el tejido refleja el paso del tiempo, su estado es impecable y lista para ser lucida. Una pequeña mancha en la parte trasera no le quita su encanto.   </p>
