{"id":14493,"date":"2025-04-24T09:07:11","date_gmt":"2025-04-24T07:07:11","guid":{"rendered":"https:\/\/www.circularsecondhand.org\/bolsa-chloe\/"},"modified":"2025-05-08T09:58:20","modified_gmt":"2025-05-08T07:58:20","slug":"bolsa-chloe","status":"publish","type":"product","link":"https:\/\/www.circularsecondhand.org\/es\/bolsa-chloe\/","title":{"rendered":"Bolsa Chlo\u00e9"},"content":{"rendered":"","protected":false},"excerpt":{"rendered":"<p>Bolso de piel de Chlo\u00e9, dise\u00f1ado para la mujer moderna que aprecia la calidad y el estilo. Con asas cortas y la opci\u00f3n de a\u00f1adir unas m\u00e1s largas (no incluidas), esta bolsa se adapta a tu estilo personal. Su interior rojo vibrante y los embellecedores dorados a\u00f1aden un toque de sofisticaci\u00f3n, mientras que su estado impecable, con s\u00f3lo ligeras marcas de uso, garantiza que lucir\u00e1s fabulosa en cualquier ocasi\u00f3n  <\/p>\n","protected":false},"featured_media":14494,"comment_status":"closed","ping_status":"closed","template":"","meta":{"_kad_blocks_custom_css":"","_kad_blocks_head_custom_js":"","_kad_blocks_body_custom_js":"","_kad_blocks_footer_custom_js":"","_kad_post_transparent":"","_kad_post_title":"","_kad_post_layout":"","_kad_post_sidebar_id":"","_kad_post_content_style":"","_kad_post_vertical_padding":"","_kad_post_feature":"","_kad_post_feature_position":"","_kad_post_header":false,"_kad_post_footer":false,"_kad_post_classname":""},"product_brand":[],"product_cat":[801,803],"product_tag":[582,1088],"product_brands":[1132],"class_list":{"0":"post-14493","1":"product","2":"type-product","3":"status-publish","4":"has-post-thumbnail","6":"product_cat-accesorios","7":"product_cat-bolsos-es","8":"product_tag-primavera-verano","9":"product_tag-y2k-es","10":"product_brands-chloe-es","12":"first","13":"outofstock","14":"sold-individually","15":"taxable","16":"shipping-taxable","17":"purchasable","18":"product-type-simple","19":"entry","20":"content-bg","21":"loop-entry"},"taxonomy_info":{"product_cat":[{"value":801,"label":"Accesorios"},{"value":803,"label":"Bolsos"}],"product_tag":[{"value":582,"label":"Primavera\/Verano"},{"value":1088,"label":"Y2K"}],"product_brands":[{"value":1132,"label":"Chlo\u00e9"}]},"featured_image_src_large":["https:\/\/www.circularsecondhand.org\/wp-content\/uploads\/2025\/04\/889-1-768x1024.jpg",768,1024,true],"author_info":[],"comment_info":0,"_links":{"self":[{"href":"https:\/\/www.circularsecondhand.org\/es\/wp-json\/wp\/v2\/product\/14493","targetHints":{"allow":["GET"]}}],"collection":[{"href":"https:\/\/www.circularsecondhand.org\/es\/wp-json\/wp\/v2\/product"}],"about":[{"href":"https:\/\/www.circularsecondhand.org\/es\/wp-json\/wp\/v2\/types\/product"}],"replies":[{"embeddable":true,"href":"https:\/\/www.circularsecondhand.org\/es\/wp-json\/wp\/v2\/comments?post=14493"}],"wp:featuredmedia":[{"embeddable":true,"href":"https:\/\/www.circularsecondhand.org\/es\/wp-json\/wp\/v2\/media\/14494"}],"wp:attachment":[{"href":"https:\/\/www.circularsecondhand.org\/es\/wp-json\/wp\/v2\/media?parent=14493"}],"wp:term":[{"taxonomy":"product_brand","embeddable":true,"href":"https:\/\/www.circularsecondhand.org\/es\/wp-json\/wp\/v2\/product_brand?post=14493"},{"taxonomy":"product_cat","embeddable":true,"href":"https:\/\/www.circularsecondhand.org\/es\/wp-json\/wp\/v2\/product_cat?post=14493"},{"taxonomy":"product_tag","embeddable":true,"href":"https:\/\/www.circularsecondhand.org\/es\/wp-json\/wp\/v2\/product_tag?post=14493"},{"taxonomy":"product_brands","embeddable":true,"href":"https:\/\/www.circularsecondhand.org\/es\/wp-json\/wp\/v2\/product_brands?post=14493"}],"curies":[{"name":"wp","href":"https:\/\/api.w.org\/{rel}","templated":true}]}}

Bolsa Chloé

<p>Bolso de piel de Chloé, diseñado para la mujer moderna que aprecia la calidad y el estilo. Con asas cortas y la opción de añadir unas más largas (no incluidas), esta bolsa se adapta a tu estilo personal. Su interior rojo vibrante y los embellecedores dorados añaden un toque de sofisticación, mientras que su estado impecable, con sólo ligeras marcas de uso, garantiza que lucirás fabulosa en cualquier ocasión  </p>

Chloé
