{"id":14000,"date":"2025-03-20T08:34:23","date_gmt":"2025-03-20T07:34:23","guid":{"rendered":"https:\/\/www.circularsecondhand.org\/jersey-pierre-cardin\/"},"modified":"2025-03-20T08:34:23","modified_gmt":"2025-03-20T07:34:23","slug":"jersey-pierre-cardin","status":"publish","type":"product","link":"https:\/\/www.circularsecondhand.org\/es\/jersey-pierre-cardin\/","title":{"rendered":"Jersey Pierre Cardin"},"content":{"rendered":"","protected":false},"excerpt":{"rendered":"<p>Este jersey de lana finito de Pierre Cardin es la combinaci\u00f3n perfecta de estilo y comodidad. Con un cl\u00e1sico dise\u00f1o de rombos en azul, rojo y negro y cuello pico, es ideal para cualquier ocasi\u00f3n. Aunque tiene algunas marcas de uso, esta en perfectas condiciones  <\/p>\n","protected":false},"featured_media":14011,"comment_status":"closed","ping_status":"open","template":"","meta":{"_kad_blocks_custom_css":"","_kad_blocks_head_custom_js":"","_kad_blocks_body_custom_js":"","_kad_blocks_footer_custom_js":"","_kad_post_transparent":"","_kad_post_title":"","_kad_post_layout":"","_kad_post_sidebar_id":"","_kad_post_content_style":"","_kad_post_vertical_padding":"","_kad_post_feature":"","_kad_post_feature_position":"","_kad_post_header":false,"_kad_post_footer":false,"_kad_post_classname":""},"product_brand":[],"product_cat":[363],"product_tag":[1086,584],"product_brands":[874],"class_list":{"0":"post-14000","1":"product","2":"type-product","3":"status-publish","4":"has-post-thumbnail","6":"product_cat-jerseis-y-sudaderas-tallaje-masculino","7":"product_tag-marcas","8":"product_tag-otono-invierno","9":"product_brands-pierre-cardin-es","11":"first","12":"instock","13":"sold-individually","14":"taxable","15":"shipping-taxable","16":"purchasable","17":"product-type-simple","18":"entry","19":"content-bg","20":"loop-entry"},"taxonomy_info":{"product_cat":[{"value":363,"label":"Jers\u00e9is y Sudaderas"}],"product_tag":[{"value":1086,"label":"Marcas"},{"value":584,"label":"Oto\u00f1o\/Invierno"}],"product_brands":[{"value":874,"label":"Pierre Cardin"}]},"featured_image_src_large":["https:\/\/www.circularsecondhand.org\/wp-content\/uploads\/2025\/03\/829-768x1024.jpg",768,1024,true],"author_info":[],"comment_info":0,"_links":{"self":[{"href":"https:\/\/www.circularsecondhand.org\/es\/wp-json\/wp\/v2\/product\/14000","targetHints":{"allow":["GET"]}}],"collection":[{"href":"https:\/\/www.circularsecondhand.org\/es\/wp-json\/wp\/v2\/product"}],"about":[{"href":"https:\/\/www.circularsecondhand.org\/es\/wp-json\/wp\/v2\/types\/product"}],"replies":[{"embeddable":true,"href":"https:\/\/www.circularsecondhand.org\/es\/wp-json\/wp\/v2\/comments?post=14000"}],"wp:featuredmedia":[{"embeddable":true,"href":"https:\/\/www.circularsecondhand.org\/es\/wp-json\/wp\/v2\/media\/14011"}],"wp:attachment":[{"href":"https:\/\/www.circularsecondhand.org\/es\/wp-json\/wp\/v2\/media?parent=14000"}],"wp:term":[{"taxonomy":"product_brand","embeddable":true,"href":"https:\/\/www.circularsecondhand.org\/es\/wp-json\/wp\/v2\/product_brand?post=14000"},{"taxonomy":"product_cat","embeddable":true,"href":"https:\/\/www.circularsecondhand.org\/es\/wp-json\/wp\/v2\/product_cat?post=14000"},{"taxonomy":"product_tag","embeddable":true,"href":"https:\/\/www.circularsecondhand.org\/es\/wp-json\/wp\/v2\/product_tag?post=14000"},{"taxonomy":"product_brands","embeddable":true,"href":"https:\/\/www.circularsecondhand.org\/es\/wp-json\/wp\/v2\/product_brands?post=14000"}],"curies":[{"name":"wp","href":"https:\/\/api.w.org\/{rel}","templated":true}]}}

<p>Este jersey de lana finito de Pierre Cardin es la combinación perfecta de estilo y comodidad. Con un clásico diseño de rombos en azul, rojo y negro y cuello pico, es ideal para cualquier ocasión. Aunque tiene algunas marcas de uso, esta en perfectas condiciones  </p>

Jerséis y Sudaderas

Otoño/Invierno
