{"id":10763,"date":"2025-06-02T10:26:12","date_gmt":"2025-06-02T08:26:12","guid":{"rendered":"https:\/\/circularsecondhand.org\/polo-salmon-lacoste\/"},"modified":"2026-02-24T02:20:33","modified_gmt":"2026-02-24T01:20:33","slug":"polo-salmon-lacoste","status":"publish","type":"product","link":"https:\/\/www.circularsecondhand.org\/es\/polo-salmon-lacoste\/","title":{"rendered":"Polo salm\u00f3n Lacoste"},"content":{"rendered":"","protected":false},"excerpt":{"rendered":"<p>\u00a1Destaca con estilo con este incre\u00edble polo salm\u00f3n de Lacoste! Confeccionado con materiales de alta calidad, este polo es c\u00f3modo y duradero. Su dise\u00f1o cl\u00e1sico y elegante lo convierte en una prenda vers\u00e1til que puedes usar tanto para ocasiones casuales como para eventos m\u00e1s formales. \u00a1Comb\u00ednala con tus pantalones favoritos y estar\u00e1s listo para lucir impecable en cualquier ocasi\u00f3n!<\/p>\n","protected":false},"featured_media":15564,"comment_status":"closed","ping_status":"closed","template":"","meta":{"_kad_blocks_custom_css":"","_kad_blocks_head_custom_js":"","_kad_blocks_body_custom_js":"","_kad_blocks_footer_custom_js":"","_kad_post_transparent":"","_kad_post_title":"","_kad_post_layout":"","_kad_post_sidebar_id":"","_kad_post_content_style":"","_kad_post_vertical_padding":"","_kad_post_feature":"","_kad_post_feature_position":"","_kad_post_header":false,"_kad_post_footer":false,"_kad_post_classname":""},"product_brand":[],"product_cat":[361],"product_tag":[152,582],"product_brands":[489],"class_list":{"0":"post-10763","1":"product","2":"type-product","3":"status-publish","4":"has-post-thumbnail","6":"product_cat-camisetas-tallaje-masculino","7":"product_tag-minimalista-es","8":"product_tag-primavera-verano","9":"product_brands-lacoste-es","11":"first","12":"outofstock","13":"sold-individually","14":"taxable","15":"shipping-taxable","16":"purchasable","17":"product-type-simple","18":"entry","19":"content-bg","20":"loop-entry"},"taxonomy_info":{"product_cat":[{"value":361,"label":"Camisetas"}],"product_tag":[{"value":152,"label":"Minimalista"},{"value":582,"label":"Primavera\/Verano"}],"product_brands":[{"value":489,"label":"Lacoste"}]},"featured_image_src_large":["https:\/\/www.circularsecondhand.org\/wp-content\/uploads\/2024\/06\/675-1-768x1024.jpg",768,1024,true],"author_info":[],"comment_info":0,"_links":{"self":[{"href":"https:\/\/www.circularsecondhand.org\/es\/wp-json\/wp\/v2\/product\/10763","targetHints":{"allow":["GET"]}}],"collection":[{"href":"https:\/\/www.circularsecondhand.org\/es\/wp-json\/wp\/v2\/product"}],"about":[{"href":"https:\/\/www.circularsecondhand.org\/es\/wp-json\/wp\/v2\/types\/product"}],"replies":[{"embeddable":true,"href":"https:\/\/www.circularsecondhand.org\/es\/wp-json\/wp\/v2\/comments?post=10763"}],"wp:featuredmedia":[{"embeddable":true,"href":"https:\/\/www.circularsecondhand.org\/es\/wp-json\/wp\/v2\/media\/15564"}],"wp:attachment":[{"href":"https:\/\/www.circularsecondhand.org\/es\/wp-json\/wp\/v2\/media?parent=10763"}],"wp:term":[{"taxonomy":"product_brand","embeddable":true,"href":"https:\/\/www.circularsecondhand.org\/es\/wp-json\/wp\/v2\/product_brand?post=10763"},{"taxonomy":"product_cat","embeddable":true,"href":"https:\/\/www.circularsecondhand.org\/es\/wp-json\/wp\/v2\/product_cat?post=10763"},{"taxonomy":"product_tag","embeddable":true,"href":"https:\/\/www.circularsecondhand.org\/es\/wp-json\/wp\/v2\/product_tag?post=10763"},{"taxonomy":"product_brands","embeddable":true,"href":"https:\/\/www.circularsecondhand.org\/es\/wp-json\/wp\/v2\/product_brands?post=10763"}],"curies":[{"name":"wp","href":"https:\/\/api.w.org\/{rel}","templated":true}]}}

Polo salmón Lacoste

<p>¡Destaca con estilo con este increíble polo salmón de Lacoste! Confeccionado con materiales de alta calidad, este polo es cómodo y duradero. Su diseño clásico y elegante lo convierte en una prenda versátil que puedes usar tanto para ocasiones casuales como para eventos más formales. ¡Combínala con tus pantalones favoritos y estarás listo para lucir impecable en cualquier ocasión!</p>
